{"id":2442,"date":"2022-01-09T16:53:56","date_gmt":"2022-01-09T15:53:56","guid":{"rendered":"http:\/\/www.ztefan.pl\/?post_type=product&#038;p=2442"},"modified":"2022-01-09T16:58:22","modified_gmt":"2022-01-09T15:58:22","slug":"topor-mp-02","status":"publish","type":"product","link":"https:\/\/www.ztefan.pl\/en\/produkt\/topor-mp-02\/","title":{"rendered":"MP-02 Axel"},"content":{"rendered":"<p><span class=\"VIiyi\" lang=\"en\"><span class=\"JLqJ4b ChMk0b\" data-language-for-alternatives=\"en\" data-language-to-translate-into=\"pl\" data-phrase-index=\"0\" data-number-of-phrases=\"5\">A beautiful ax made in Pakistan<\/span> <\/span><\/p>\n<p><span class=\"VIiyi\" lang=\"en\"><span class=\"JLqJ4b ChMk0b\" data-language-for-alternatives=\"en\" data-language-to-translate-into=\"pl\" data-phrase-index=\"2\" data-number-of-phrases=\"5\">Made of damascus steel<\/span><\/span><\/p>","protected":false},"excerpt":{"rendered":"<p><span class=\"VIiyi\" lang=\"en\"><span class=\"JLqJ4b ChMk0b\" data-language-for-alternatives=\"en\" data-language-to-translate-into=\"pl\" data-phrase-index=\"0\" data-number-of-phrases=\"9\"><strong>Material:<\/strong> stainless steel, carbon steel.<\/span><\/span><\/p>\n<p><strong><span class=\"VIiyi\" lang=\"en\"> <span class=\"JLqJ4b ChMk0b\" data-language-for-alternatives=\"en\" data-language-to-translate-into=\"pl\" data-phrase-index=\"2\" data-number-of-phrases=\"9\">Dimensions:<\/span> <\/span><\/strong><\/p>\n<p><span class=\"VIiyi\" lang=\"en\"><span class=\"JLqJ4b ChMk0b\" data-language-for-alternatives=\"en\" data-language-to-translate-into=\"pl\" data-phrase-index=\"4\" data-number-of-phrases=\"9\"><strong>Overall length:<\/strong> 21 cm<\/span> <\/span><\/p>\n<p><span class=\"VIiyi\" lang=\"en\"><span class=\"JLqJ4b ChMk0b\" data-language-for-alternatives=\"en\" data-language-to-translate-into=\"pl\" data-phrase-index=\"6\" data-number-of-phrases=\"9\"><strong>Blade length:<\/strong> 11 cm<\/span> <\/span><\/p>\n<p><span class=\"VIiyi\" lang=\"en\"><span class=\"JLqJ4b ChMk0b\" data-language-for-alternatives=\"en\" data-language-to-translate-into=\"pl\" data-phrase-index=\"8\" data-number-of-phrases=\"9\"><strong>Handle:<\/strong> micarta<\/span><\/span><\/p>\n","protected":false},"featured_media":2443,"template":"","meta":[],"yoast_head":"<!-- This site is optimized with the Yoast SEO plugin v18.3 - https:\/\/yoast.com\/wordpress\/plugins\/seo\/ -->\n<title>MP-02 Axel  - Ztefan<\/title>\n<meta name=\"robots\" content=\"index, follow, max-snippet:-1, max-image-preview:large, max-video-preview:-1\" \/>\n<link rel=\"canonical\" href=\"https:\/\/www.ztefan.pl\/produkt\/topor-mp-02\/\" \/>\n<meta property=\"og:locale\" content=\"en_US\" \/>\n<meta property=\"og:type\" content=\"article\" \/>\n<meta property=\"og:title\" content=\"[:pl]Top\u00f3r MP-02[:en]MP-02 Axel [:] - Ztefan\" \/>\n<meta property=\"og:description\" content=\"[:pl]Materia\u0142 : stal damasce\u0144ska  Wymiary: D\u0142ugo\u015b\u0107 ca\u0142kowita : 21 cm D\u0142ugo\u015b\u0107 ostrza : 11 cm  R\u0119koje\u015b\u0107 : micarta[:en]Material: stainless steel, carbon steel.   Dimensions:   Overall length: 21 cm   Blade length: 11 cm   Handle: micarta[:]\" \/>\n<meta property=\"og:url\" content=\"https:\/\/www.ztefan.pl\/produkt\/topor-mp-02\/\" \/>\n<meta property=\"og:site_name\" content=\"Ztefan\" \/>\n<meta property=\"article:publisher\" content=\"https:\/\/www.facebook.com\/ZTEFANSZCZECIN\" \/>\n<meta property=\"article:modified_time\" content=\"2022-01-09T15:58:22+00:00\" \/>\n<meta property=\"og:image\" content=\"https:\/\/www.ztefan.pl\/wp-content\/uploads\/2022\/01\/IMG_3281.jpg\" \/>\n\t<meta property=\"og:image:width\" content=\"1733\" \/>\n\t<meta property=\"og:image:height\" content=\"1300\" \/>\n\t<meta property=\"og:image:type\" content=\"image\/jpeg\" \/>\n<meta name=\"twitter:card\" content=\"summary_large_image\" \/>\n<script type=\"application\/ld+json\" class=\"yoast-schema-graph\">{\"@context\":\"https:\/\/schema.org\",\"@graph\":[{\"@type\":\"Organization\",\"@id\":\"https:\/\/www.ztefan.pl\/#organization\",\"name\":\"ZTEFAN Piotr Stefa\u0144ski\",\"url\":\"https:\/\/www.ztefan.pl\/\",\"sameAs\":[\"https:\/\/www.facebook.com\/ZTEFANSZCZECIN\",\"https:\/\/www.instagram.com\/ztefan_torby_skorzane\/\"],\"logo\":{\"@type\":\"ImageObject\",\"@id\":\"https:\/\/www.ztefan.pl\/#logo\",\"inLanguage\":\"en-US\",\"url\":\"https:\/\/www.ztefan.pl\/wp-content\/uploads\/2019\/12\/logo_www_color.png\",\"contentUrl\":\"https:\/\/www.ztefan.pl\/wp-content\/uploads\/2019\/12\/logo_www_color.png\",\"width\":182,\"height\":90,\"caption\":\"ZTEFAN Piotr Stefa\u0144ski\"},\"image\":{\"@id\":\"https:\/\/www.ztefan.pl\/#logo\"}},{\"@type\":\"WebSite\",\"@id\":\"https:\/\/www.ztefan.pl\/#website\",\"url\":\"https:\/\/www.ztefan.pl\/\",\"name\":\"Ztefan\",\"description\":\"Sk\u00f3rzane wyroby, torby podr\u00f3\u017cne, torby sportowe , torby na laptop Szczecin\",\"publisher\":{\"@id\":\"https:\/\/www.ztefan.pl\/#organization\"},\"potentialAction\":[{\"@type\":\"SearchAction\",\"target\":{\"@type\":\"EntryPoint\",\"urlTemplate\":\"https:\/\/www.ztefan.pl\/?s={search_term_string}\"},\"query-input\":\"required name=search_term_string\"}],\"inLanguage\":\"en-US\"},{\"@type\":\"ImageObject\",\"@id\":\"https:\/\/www.ztefan.pl\/produkt\/topor-mp-02\/#primaryimage\",\"inLanguage\":\"en-US\",\"url\":\"https:\/\/www.ztefan.pl\/wp-content\/uploads\/2022\/01\/IMG_3281.jpg\",\"contentUrl\":\"https:\/\/www.ztefan.pl\/wp-content\/uploads\/2022\/01\/IMG_3281.jpg\",\"width\":1733,\"height\":1300,\"caption\":\"Top\u00f3r\"},{\"@type\":\"WebPage\",\"@id\":\"https:\/\/www.ztefan.pl\/produkt\/topor-mp-02\/#webpage\",\"url\":\"https:\/\/www.ztefan.pl\/produkt\/topor-mp-02\/\",\"name\":\"[:pl]Top\u00f3r MP-02[:en]MP-02 Axel [:] - Ztefan\",\"isPartOf\":{\"@id\":\"https:\/\/www.ztefan.pl\/#website\"},\"primaryImageOfPage\":{\"@id\":\"https:\/\/www.ztefan.pl\/produkt\/topor-mp-02\/#primaryimage\"},\"datePublished\":\"2022-01-09T15:53:56+00:00\",\"dateModified\":\"2022-01-09T15:58:22+00:00\",\"breadcrumb\":{\"@id\":\"https:\/\/www.ztefan.pl\/produkt\/topor-mp-02\/#breadcrumb\"},\"inLanguage\":\"en-US\",\"potentialAction\":[{\"@type\":\"ReadAction\",\"target\":[\"https:\/\/www.ztefan.pl\/produkt\/topor-mp-02\/\"]}]},{\"@type\":\"BreadcrumbList\",\"@id\":\"https:\/\/www.ztefan.pl\/produkt\/topor-mp-02\/#breadcrumb\",\"itemListElement\":[{\"@type\":\"ListItem\",\"position\":1,\"name\":\"Home\",\"item\":\"https:\/\/www.ztefan.pl\/\"},{\"@type\":\"ListItem\",\"position\":2,\"name\":\"Torby m\u0119skie ze sk\u00f3ry naturalnej\",\"item\":\"https:\/\/www.ztefan.pl\/sklep\/\"},{\"@type\":\"ListItem\",\"position\":3,\"name\":\"Top\u00f3r MP-02\"}]}]}<\/script>\n<!-- \/ Yoast SEO plugin. -->","yoast_head_json":{"title":"[:pl]Top\u00f3r MP-02[:en]MP-02 Axel [:] - Ztefan","robots":{"index":"index","follow":"follow","max-snippet":"max-snippet:-1","max-image-preview":"max-image-preview:large","max-video-preview":"max-video-preview:-1"},"canonical":"https:\/\/www.ztefan.pl\/produkt\/topor-mp-02\/","og_locale":"en_US","og_type":"article","og_title":"[:pl]Top\u00f3r MP-02[:en]MP-02 Axel [:] - Ztefan","og_description":"[:pl]Materia\u0142 : stal damasce\u0144ska  Wymiary: D\u0142ugo\u015b\u0107 ca\u0142kowita : 21 cm D\u0142ugo\u015b\u0107 ostrza : 11 cm  R\u0119koje\u015b\u0107 : micarta[:en]Material: stainless steel, carbon steel.   Dimensions:   Overall length: 21 cm   Blade length: 11 cm   Handle: micarta[:]","og_url":"https:\/\/www.ztefan.pl\/produkt\/topor-mp-02\/","og_site_name":"Ztefan","article_publisher":"https:\/\/www.facebook.com\/ZTEFANSZCZECIN","article_modified_time":"2022-01-09T15:58:22+00:00","og_image":[{"width":1733,"height":1300,"url":"https:\/\/www.ztefan.pl\/wp-content\/uploads\/2022\/01\/IMG_3281.jpg","type":"image\/jpeg"}],"twitter_card":"summary_large_image","schema":{"@context":"https:\/\/schema.org","@graph":[{"@type":"Organization","@id":"https:\/\/www.ztefan.pl\/#organization","name":"ZTEFAN Piotr Stefa\u0144ski","url":"https:\/\/www.ztefan.pl\/","sameAs":["https:\/\/www.facebook.com\/ZTEFANSZCZECIN","https:\/\/www.instagram.com\/ztefan_torby_skorzane\/"],"logo":{"@type":"ImageObject","@id":"https:\/\/www.ztefan.pl\/#logo","inLanguage":"en-US","url":"https:\/\/www.ztefan.pl\/wp-content\/uploads\/2019\/12\/logo_www_color.png","contentUrl":"https:\/\/www.ztefan.pl\/wp-content\/uploads\/2019\/12\/logo_www_color.png","width":182,"height":90,"caption":"ZTEFAN Piotr Stefa\u0144ski"},"image":{"@id":"https:\/\/www.ztefan.pl\/#logo"}},{"@type":"WebSite","@id":"https:\/\/www.ztefan.pl\/#website","url":"https:\/\/www.ztefan.pl\/","name":"Ztefan","description":"Sk\u00f3rzane wyroby, torby podr\u00f3\u017cne, torby sportowe , torby na laptop Szczecin","publisher":{"@id":"https:\/\/www.ztefan.pl\/#organization"},"potentialAction":[{"@type":"SearchAction","target":{"@type":"EntryPoint","urlTemplate":"https:\/\/www.ztefan.pl\/?s={search_term_string}"},"query-input":"required name=search_term_string"}],"inLanguage":"en-US"},{"@type":"ImageObject","@id":"https:\/\/www.ztefan.pl\/produkt\/topor-mp-02\/#primaryimage","inLanguage":"en-US","url":"https:\/\/www.ztefan.pl\/wp-content\/uploads\/2022\/01\/IMG_3281.jpg","contentUrl":"https:\/\/www.ztefan.pl\/wp-content\/uploads\/2022\/01\/IMG_3281.jpg","width":1733,"height":1300,"caption":"Top\u00f3r"},{"@type":"WebPage","@id":"https:\/\/www.ztefan.pl\/produkt\/topor-mp-02\/#webpage","url":"https:\/\/www.ztefan.pl\/produkt\/topor-mp-02\/","name":"[:pl]Top\u00f3r MP-02[:en]MP-02 Axel [:] - Ztefan","isPartOf":{"@id":"https:\/\/www.ztefan.pl\/#website"},"primaryImageOfPage":{"@id":"https:\/\/www.ztefan.pl\/produkt\/topor-mp-02\/#primaryimage"},"datePublished":"2022-01-09T15:53:56+00:00","dateModified":"2022-01-09T15:58:22+00:00","breadcrumb":{"@id":"https:\/\/www.ztefan.pl\/produkt\/topor-mp-02\/#breadcrumb"},"inLanguage":"en-US","potentialAction":[{"@type":"ReadAction","target":["https:\/\/www.ztefan.pl\/produkt\/topor-mp-02\/"]}]},{"@type":"BreadcrumbList","@id":"https:\/\/www.ztefan.pl\/produkt\/topor-mp-02\/#breadcrumb","itemListElement":[{"@type":"ListItem","position":1,"name":"Home","item":"https:\/\/www.ztefan.pl\/"},{"@type":"ListItem","position":2,"name":"Torby m\u0119skie ze sk\u00f3ry naturalnej","item":"https:\/\/www.ztefan.pl\/sklep\/"},{"@type":"ListItem","position":3,"name":"Top\u00f3r MP-02"}]}]}},"_links":{"self":[{"href":"https:\/\/www.ztefan.pl\/en\/wp-json\/wp\/v2\/product\/2442"}],"collection":[{"href":"https:\/\/www.ztefan.pl\/en\/wp-json\/wp\/v2\/product"}],"about":[{"href":"https:\/\/www.ztefan.pl\/en\/wp-json\/wp\/v2\/types\/product"}],"wp:featuredmedia":[{"embeddable":true,"href":"https:\/\/www.ztefan.pl\/en\/wp-json\/wp\/v2\/media\/2443"}],"wp:attachment":[{"href":"https:\/\/www.ztefan.pl\/en\/wp-json\/wp\/v2\/media?parent=2442"}],"curies":[{"name":"wp","href":"https:\/\/api.w.org\/{rel}","templated":true}]}}

<!-- This site is optimized with the Yoast SEO plugin v18.3 - https://yoast.com/wordpress/plugins/seo/ -->
<title>MP-02 Axel  - Ztefan</title>
<meta name="robots" content="index, follow, max-snippet:-1, max-image-preview:large, max-video-preview:-1" />
<link rel="canonical" href="https://www.ztefan.pl/produkt/topor-mp-02/" />
<meta property="og:locale" content="en_US" />
<meta property="og:type" content="article" />
<meta property="og:title" content="[:pl]Topór MP-02[:en]MP-02 Axel [:] - Ztefan" />
<meta property="og:description" content="[:pl]Materiał : stal damasceńska  Wymiary: Długość całkowita : 21 cm Długość ostrza : 11 cm  Rękojeść : micarta[:en]Material: stainless steel, carbon steel.   Dimensions:   Overall length: 21 cm   Blade length: 11 cm   Handle: micarta[:]" />
<meta property="og:url" content="https://www.ztefan.pl/produkt/topor-mp-02/" />
<meta property="og:site_name" content="Ztefan" />
<meta property="article:publisher" content="https://www.facebook.com/ZTEFANSZCZECIN" />
<meta property="article:modified_time" content="2022-01-09T15:58:22+00:00" />
<meta property="og:image" content="https://www.ztefan.pl/wp-content/uploads/2022/01/IMG_3281.jpg" />
	<meta property="og:image:width" content="1733" />
	<meta property="og:image:height" content="1300" />
	<meta property="og:image:type" content="image/jpeg" />
<meta name="twitter:card" content="summary_large_image" />
<script type="application/ld+json" class="yoast-schema-graph">{"@context":"https://schema.org","@graph":[{"@type":"Organization","@id":"https://www.ztefan.pl/#organization","name":"ZTEFAN Piotr Stefański","url":"https://www.ztefan.pl/","sameAs":["https://www.facebook.com/ZTEFANSZCZECIN","https://www.instagram.com/ztefan_torby_skorzane/"],"logo":{"@type":"ImageObject","@id":"https://www.ztefan.pl/#logo","inLanguage":"en-US","url":"https://www.ztefan.pl/wp-content/uploads/2019/12/logo_www_color.png","contentUrl":"https://www.ztefan.pl/wp-content/uploads/2019/12/logo_www_color.png","width":182,"height":90,"caption":"ZTEFAN Piotr Stefański"},"image":{"@id":"https://www.ztefan.pl/#logo"}},{"@type":"WebSite","@id":"https://www.ztefan.pl/#website","url":"https://www.ztefan.pl/","name":"Ztefan","description":"Skórzane wyroby, torby podróżne, torby sportowe , torby na laptop Szczecin","publisher":{"@id":"https://www.ztefan.pl/#organization"},"potentialAction":[{"@type":"SearchAction","target":{"@type":"EntryPoint","urlTemplate":"https://www.ztefan.pl/?s={search_term_string}"},"query-input":"required name=search_term_string"}],"inLanguage":"en-US"},{"@type":"ImageObject","@id":"https://www.ztefan.pl/produkt/topor-mp-02/#primaryimage","inLanguage":"en-US","url":"https://www.ztefan.pl/wp-content/uploads/2022/01/IMG_3281.jpg","contentUrl":"https://www.ztefan.pl/wp-content/uploads/2022/01/IMG_3281.jpg","width":1733,"height":1300,"caption":"Topór"},{"@type":"WebPage","@id":"https://www.ztefan.pl/produkt/topor-mp-02/#webpage","url":"https://www.ztefan.pl/produkt/topor-mp-02/","name":"[:pl]Topór MP-02[:en]MP-02 Axel [:] - Ztefan","isPartOf":{"@id":"https://www.ztefan.pl/#website"},"primaryImageOfPage":{"@id":"https://www.ztefan.pl/produkt/topor-mp-02/#primaryimage"},"datePublished":"2022-01-09T15:53:56+00:00","dateModified":"2022-01-09T15:58:22+00:00","breadcrumb":{"@id":"https://www.ztefan.pl/produkt/topor-mp-02/#breadcrumb"},"inLanguage":"en-US","potentialAction":[{"@type":"ReadAction","target":["https://www.ztefan.pl/produkt/topor-mp-02/"]}]},{"@type":"BreadcrumbList","@id":"https://www.ztefan.pl/produkt/topor-mp-02/#breadcrumb","itemListElement":[{"@type":"ListItem","position":1,"name":"Home","item":"https://www.ztefan.pl/"},{"@type":"ListItem","position":2,"name":"Torby męskie ze skóry naturalnej","item":"https://www.ztefan.pl/sklep/"},{"@type":"ListItem","position":3,"name":"Topór MP-02"}]}]}</script>
<!-- / Yoast SEO plugin. -->

[:pl]Topór MP-02[:en]MP-02 Axel [:] - Ztefan

[:pl]Materiał : stal damasceńska  Wymiary: Długość całkowita : 21 cm Długość ostrza : 11 cm  Rękojeść : micarta[:en]Material: stainless steel, carbon steel.   Dimensions:   Overall length: 21 cm   Blade length: 11 cm   Handle: micarta[:]

ZTEFAN Piotr Stefański

Skórzane wyroby, torby podróżne, torby sportowe , torby na laptop Szczecin

Topór

Torby męskie ze skóry naturalnej

Topór MP-02
